?
15
Let m(q) = q**3 + 3*q**2 - 2*q - 4. Let z be m(-2). Suppose -2*n + 392 = -3*l - 49, -877 = -z*n + l. Calculate the remainder when n is divided by 44.
43
Let p = 479 + -420. What is the remainder when 705 is divided by p?
56
Let r(z) = -56*z - z**3 + 25*z - 12 + 18*z**2 + 3. Calculate the remainder when r(16) is divided by 4.
3
Suppose 0 = 3*n - 0*n + 2*d + 57, n = 2*d - 11. Let c = 22 + n. Calculate the remainder when 23 is divided by c.
3
Let y be ((-12)/21)/(4/(-14)). Suppose y*j = 4*j. Suppose z + 4*z - 45 = j. What is the remainder when 34 is divided by z?
7
Let h = 323 + -264. Let u = -6 - -7. Let l(r) = 31*r**2 - 2*r + 1. What is the remainder when h is divided by l(u)?
29
Let k(y) = -19*y - 46. Calculate the remainder when k(-9) is divided by 13.
8
Let o(k) = -12*k + 9. Let u be o(7). Let q = -44 - u. Suppose -5*y - a - a + 75 = 0, 3*y + 4*a - q = 0. What is the remainder when y is divided by 6?
5
Let m = 510 + -506. What is the remainder when 37 is divided by m?
1
Let w(j) = -2*j**2 - 14*j + 25. Let q be w(-11). What is the remainder when 37 is divided by 22 - ((-22)/(-18) - (-14)/q)?
16
Let k(n) = -5*n - 28. Let r be k(-8). Calculate the remainder when 9/r*(-3)/(3/(-292)) is divided by 37.
34
Suppose -3*x - 3*t = -2*t - 94, 0 = -2*t + 8. What is the remainder when 178 is divided by x?
28
Suppose 6*v - 72 = 132. What is the remainder when 99 is divided by v?
31
Suppose 0 = 238*d - 237*d. Suppose -3*m - 14 = -4*p - d, -2*p + 5*m = -14. Calculate the remainder when 13 is divided by p.
1
Suppose l + 41 = 264. Suppose 156 = -l*b + 226*b. Suppose -h = 4*c - 41, 0 = -3*c - h + 35 - 5. Calculate the remainder when b is divided by c.
8
Let h = -702 + 690. Suppose 0*u - 2*u = 3*t + 48, -5*u + 48 = -3*t. Let w = h - t. Calculate the remainder when 11 is divided by w.
3
Suppose 5*a = 113 - 3. Let d = a + -43. Let z = d - -39. What is the remainder when 33 is divided by z?
15
Suppose 4*p - 1119 = -5*t, 5*p - 4*t - 1440 = -2*t. What is the remainder when p is divided by 7?
6
Calculate the remainder when 144 is divided by 39/(-3) - (2 - 56).
21
Let l(k) = -8*k**3 + k**2 - 5. Suppose -5*t = 2*h - 1 + 5, 3*t = 0. What is the remainder when l(h) is divided by 16?
15
Let n = 2013 - 1653. Calculate the remainder when n is divided by 91.
87
Suppose 5659*o = 5673*o - 4466. Calculate the remainder when o is divided by 74.
23
Let q = 19 - 21. Let f be ((-9)/18)/(q/56). Suppose -18*a + 19*a = f. Calculate the remainder when 37 is divided by a.
9
Let p(a) = -16*a. Let h(j) = -j - 5. Let f be h(0). Let g be p(f). Suppose 3*d = -2*d + g. What is the remainder when 30 is divided by d?
14
What is the remainder when 351 is divided by 82/4 - ((-105)/(-14) - 9)?
21
Let q be (5/(-2))/((-1)/2). Suppose -q*d + 16 = 5*c + 1, -d = 4*c. Calculate the remainder when 5 is divided by d.
1
Let b = 1494 - 1406. What is the remainder when 420 is divided by b?
68
Suppose -h = -11 - 9. Let a(w) = w**3 - 21*w**2 + 21*w + 16. Calculate the remainder when a(h) is divided by 13.
10
Suppose 0 = -4*m + 4*n + 480, n - 464 = -4*m - 3*n. Suppose -3 = u, -3*s - u = u + 24. Let x = 24 - s. What is the remainder when m is divided by x?
28
Suppose l + 4 = -4*h + 35, 0 = -3*l + 9. Suppose x = -4*x + 10. Suppose x*u = g + 39, 0 = 5*g - 3*g + 6. What is the remainder when u is divided by h?
4
Let q(l) = -11*l - 139. What is the remainder when (-1)/(56/58 + -1) is divided by q(-14)?
14
Let d(b) = -2*b**2 + 3*b - 2. Let g be d(3). Let i = g - -36. Calculate the remainder when i is divided by 9.
7
Let j(m) = m**3 + 16*m**2 + 16*m + 4. Calculate the remainder when j(-7) is divided by 20.
13
Suppose 4*d = 5*d + 5, 20 = 5*k - 3*d. Calculate the remainder when 16 is divided by k.
0
Let f(z) be the first derivative of -23*z**4/4 + z**3/3 - z**2 - 3*z + 4. Calculate the remainder when 67 is divided by f(-1).
21
Let z = 87 - 55. Let q(d) = d**3 - 11*d**2 - 19*d - 33. Calculate the remainder when q(13) is divided by z.
26
Let v(l) = 4*l**2 + 4*l + 4. Let o = 419 + -390. Calculate the remainder when v(4) is divided by o.
26
Suppose 3*m + 5*k = 0, -2*k + 2 = 5*m - 17. Suppose m*j - 602 = 18. Suppose -20 = 4*g - j. Calculate the remainder when 100 is divided by g.
22
Let w = 208 + 60. Suppose 5*p - 222 - w = 0. Calculate the remainder when p is divided by 20.
18
Let g = -52 - -54. Let f(s) = 27*s - 2. What is the remainder when f(g) is divided by 8?
4
Suppose -2*r + 3*r - 1 = 0. Let b(u) = u**2 + 7*u - 8. Let a be b(-8). What is the remainder when 0 + 3 + 0 + a is divided by r?
0
Suppose 28*z - 1263 - 2433 = 0. Calculate the remainder when z is divided by 17.
13
Let s be (-3)/(-6) + (-358)/(-4). Suppose t - 14 = 5*w, 4*t = t - w + s. What is the remainder when 114 is divided by t?
27
Suppose -11*c + 99 + 154 = 0. Let y be (-1396)/(-8) + (-6)/(-4). Suppose 5*q - y = 3*q. Calculate the remainder when q is divided by c.
19
Suppose 12*p - 1425 - 591 = 0. Calculate the remainder when p is divided by 29.
23
Let x(b) = b + 158. Calculate the remainder when x(-7) is divided by 51.
49
Suppose -3*p - 593 = 2*k, p - 2*k - 2*k + 179 = 0. What is the remainder when (0 - -1) + p/(-5) is divided by 15 - 1*(1 - 0)?
12
Let j = -1 - -114. What is the remainder when 224 is divided by j?
111
Suppose 172*h = 166*h + 36. Calculate the remainder when 85 is divided by h.
1
Suppose 15 + 5 = 2*v. Suppose 4*q + v = -6. Let n(k) = -2*k + 4. Calculate the remainder when 23 is divided by n(q).
11
Suppose -7*k + 8*k - 3*v = 84, 0 = -4*k - v + 297. Let i(s) = 25*s**2 + s. What is the remainder when k is divided by i(1)?
23
Suppose -b = -6*b + t + 235, 5*t = -4*b + 217. What is the remainder when 431 is divided by b?
47
Let y(b) = 153*b**2 - 2*b + 2. Let r be y(1). Suppose -12*h + r + 87 = 0. Calculate the remainder when h is divided by 17.
3
Let h(b) = 3*b**3 - 46*b**2 - 32*b + 10. What is the remainder when 115 is divided by h(16)?
5
Let k(v) = 2*v**3 - 2*v**2 - v - 2. Let z be k(2). Suppose -i + 0*i + z*h + 30 = 0, -i + 3*h = -25. Calculate the remainder when 19 is divided by i.
9
Suppose 143 + 442 = 5*s. Let b = 137 - s. Calculate the remainder when 118 is divided by b.
18
Let t(w) = -w**3 - 13*w**2 - 24*w + 20. What is the remainder when 76 is divided by t(-11)?
34
Let r = -32 - -35. Let z(p) = p**3 - p**2 + 2*p - 6. Calculate the remainder when 65 is divided by z(r).
11
Suppose 2 = -h - 2*o, -3*h + 3*o + 1 = -2. Suppose 4*q - 2*q + 5*s - 18 = 0, -3*q - 2*s + 38 = h. What is the remainder when 52 is divided by q?
10
Let m(z) = z**2 - 4*z + 2. Suppose 0 = 5*b + 5*y + 60, -5*b + y - 52 = -2*y. Let q(a) = -a - 8. What is the remainder when q(b) is divided by m(4)?
1
Let h(p) = p**3 + 2*p**2 - 218*p - 5. Let l(o) = -o - 3. Let q be l(-4). What is the remainder when h(14) is divided by -1 + q + -2 + 22?
19
Let b = 121 - 72. Let h = -35 + b. Suppose 3*t - h - 4 = 0. Calculate the remainder when 8 is divided by t.
2
Let z = -12 - -16. Calculate the remainder when z + 0 - 2 - (1 - 5) is divided by 5.
1
Suppose -2*v = 5*p - 93, p - 2*p + 5*v - 3 = 0. Let w be (-9)/(-6) + 0 + 1/2. Suppose 0 = w*g - 144 + 46. What is the remainder when g is divided by p?
15
Calculate the remainder when (1952/(-48))/((-6)/9*1) is divided by 46.
15
Let s be (-7 + 9)*(-2)/(-4). Suppose j + 1 = -s. What is the remainder when (47 - -9)/((-2)/j) is divided by 19?
18
Let t(r) = -r**2 + 8*r + 57. Calculate the remainder when t(0) is divided by 14.
1
Suppose -y = z - 10, 5*y = -z - 3*z + 47. Let f(p) = 18*p**2 + p - 2. What is the remainder when f(1) is divided by y?
3
Let q(t) = -t**3 + 10*t**2 + 13*t - 4. Let c = 45 + -34. Let y be q(c). What is the remainder when 71 is divided by -10*y*(-10)/75?
23
Suppose 12*w - 119 = 109. Suppose 3*i - 2*i - 32 = 0. Calculate the remainder when i is divided by w.
13
Suppose -4*l - 102 = -u, u + 2*u - 236 = -2*l. Let f = u - 76. What is the remainder when 41 is divided by f?
5
Let j(f) = f**2 - 2*f - 10. Let t be j(5). Suppose -3*l - 11 = -7*l + t*p, -3*l = -4*p - 7. Let q = 33 + l. Calculate the remainder when q is divided by 11.
9
Let h = 2333 + -2213. Calculate the remainder when 716 is divided by h.
116
Let m be 4 + -1*2 - 77. Let a = 118 + -169. Let i = a - m. What is the remainder when i is divided by 9?
6
What is the re